{"id":2103,"date":"2017-09-10T11:05:17","date_gmt":"2017-09-10T10:05:17","guid":{"rendered":"https:\/\/estrangereality.com\/BookStore\/?page_id=2103"},"modified":"2019-09-16T23:11:43","modified_gmt":"2019-09-16T22:11:43","slug":"homepage-fr","status":"publish","type":"page","link":"https:\/\/estrangereality.com\/BookStore\/fr\/homepage-fr\/","title":{"rendered":"Accueil"},"content":{"rendered":"[vc_row full_width=&#8221;stretch_row_content_no_spaces&#8221; content_placement=&#8221;top&#8221; css=&#8221;.vc_custom_1463987849898{margin-right: 30px !important;margin-left: 30px !important;padding-right: 30px !important;padding-left: 30px !important;}&#8221; el_class=&#8221;overlay-header&#8221;][vc_column offset=&#8221;vc_hidden-xs&#8221;][rev_slider_vc alias=&#8221;estrange-reality-maudit&#8221;][\/vc_column][\/vc_row][vc_row][vc_column][vc_empty_space height=&#8221;64px&#8221;][\/vc_column][\/vc_row][vc_row][vc_column][vc_separator color=&#8221;custom&#8221; accent_color=&#8221;#ffffff&#8221;][\/vc_column][\/vc_row][vc_row][vc_column][vc_column_text]\n<h1 style=\"text-align: center;\">Lisez <em> un best-seller chaque jour <\/em><\/h1>\n<p style=\"text-align: justify;\"><span class='lead'> Affal\u00e9 sur votre canap\u00e9? Pourquoi ne pas essayer la lecture? Bien s\u00fbr, cela ressemble \u00e0 plus de travail que de camper devant votre vieux tube cathodique mais votre concentration &#8211; sans oublier les muscles plus litt\u00e9raires de votre esprit &#8211; vous remerciera.<br \/>\nC&#8217;est pourquoi nous vous lan\u00e7ons un d\u00e9fi: Arr\u00eatez de t\u00e9l\u00e9charger la derni\u00e8re s\u00e9rie Netflix sur votre t\u00e9l\u00e9phone et la regarder lorsque vous vous ennuyez au travail, entre les cours ou dans un bar&#8230; \u00e0 un rdv particuli\u00e8rement d\u00e9licat&#8230;<br \/>\nT\u00e9l\u00e9chargez un livre sur votre t\u00e9l\u00e9phone, tablette pour l&#8217;avoir toujours \u00e0 port\u00e9e de main. Et si vous avez besoin d&#8217;id\u00e9es, savoir quelles titres prendre partout o\u00f9 vous allez, bon, nous avons des suggestions pour vous&#8230;<br \/>\n<\/span>\n[\/vc_column_text][\/vc_column][\/vc_row][vc_row][vc_column][\/vc_column][\/vc_row][vc_row][vc_column][vc_tta_tabs][vc_tta_section i_icon_fontawesome=&#8221;fa fa-bookmark&#8221; add_icon=&#8221;true&#8221; title=&#8221;Volume I&#8221; tab_id=&#8221;1505039767633-46de4358-7edb&#8221;][vc_row_inner][vc_column_inner width=&#8221;2\/3&#8243;][vc_column_text]\n<h1>Deuil\u00a0<em>de Carmen Von Achs<\/em><\/h1>\n<div class=\"a-expander-collapsed-height a-row a-expander-container a-expander-partial-collapse-container\" aria-live=\"polite\" data-a-expander-collapsed-height=\"300\">\n<div class=\"a-expander-content a-expander-partial-collapse-content\" aria-expanded=\"false\">\n<p><i>Une attirance r\u00e9ciproque foudroyante, magn\u00e9tique et irr\u00e9sistible, se r\u00e9v\u00e8le d\u00e8s leur premi\u00e8re rencontre et accroit tandis qu\u2019Alma risque de perdre sa vie dans un stupide concours des circonstances.<\/i><\/p>\n<p><i>\u00c0 ce moment pr\u00e9cis, Estrange, aussi v\u00e9loce et silencieux qu\u2019un grand f\u00e9lin, jailli, et l\u2019entoure de ses bras en transformant son corps dans un bouclier imp\u00e9n\u00e9trable contre toute agression. \u00c9blouie par sa force et rapidit\u00e9, Alma n\u2019a pas le temps de r\u00e9agir. Immobile, fascin\u00e9e par l\u2019approche envoutante de l\u2019homme, elle essaye de r\u00e9sister \u00e0 la tentation de s\u2019enfuir. Estrange, \u00e0 son tour, est submerg\u00e9 par un sentiment inconnu: le d\u00e9sir de prot\u00e9ger ce qu\u2019il aurait d\u00fb chasser avec m\u00e9prise et froideur&#8230;<\/i><\/p>\n<p><i>Car l\u2019homme est l\u2019un de ceux que l\u2019humanit\u00e9 enti\u00e8re hait et chasse, mais Alma ne le sait pas ! Quand elle comprendra, que celui qui lui a sauv\u00e9 la vie \u00e0 plusieurs reprises est un vampire sera trop tard et il n\u2019y aura plus de d\u00e9tour pour leur intense histoire d\u2019amour.<\/i><\/p>\n<\/div>\n<\/div>\n<p class=\"text-col-2\">L&#8217;histoire continue dans <strong><em>Maudit<\/em><\/strong>\u00a0&#8211; le deuxi\u00e8me volume. Pr\u00eate \u00e0 tout pour son amant, Alma se lance dans une campagne de renaissance pour Estrange. Peut-Alma le sauver ? Avec l\u2019aide de l\u2019ami d\u2019Estrange, Sasakawa, peut-elle percer le myst\u00e8re de son existence et de son lien avec Estrange ?<\/p>\n<p class=\"text-col-2\">[\/vc_column_text][\/vc_column_inner][vc_column_inner width=&#8221;1\/3&#8243;][vc_column_text]\n<h2>D\u00e9tails<\/h2>\n<ul>\n<li style=\"list-style-type: none;\">\n<ol>\n<li><b>Volume:<\/b>\u00a0I<\/li>\n<li><b>Digital eBook:<\/b>\u00a0472 pages<\/li>\n<li><b>Publication:<\/b> Mars 21, 2012<\/li>\n<li><b>Langues:<\/b>\u00a0Anglais, Fran\u00e7ais<\/li>\n<li><b>Disponible:<\/b>\u00a0Pocket, eBook<\/li>\n<\/ol>\n<\/li>\n<\/ul>\n[\/vc_column_text][\/vc_column_inner][\/vc_row_inner][vc_row_inner][vc_column_inner width=&#8221;1\/2&#8243;]<div class=\"woocommerce \"><ul class=\"products columns-4\">\n<li class=\"product type-product post-1714 status-publish first instock product_cat-estrange-reality-echantillons-gratuits product_tag-deuil product_tag-ebook product_tag-kindle product_tag-maudit product_tag-mobi has-post-thumbnail sale sold-individually shipping-taxable product-type-variable\">\n\t<\/li>\n<\/ul>\n<\/div>[\/vc_column_inner][vc_column_inner width=&#8221;1\/2&#8243;]<div class=\"woocommerce \"><ul class=\"products columns-4\">\n<li class=\"product type-product post-1895 status-publish first instock product_cat-estrange-reality-version-francaise product_tag-deuil product_tag-ebook product_tag-kindle product_tag-maudit product_tag-mobi has-post-thumbnail sale sold-individually shipping-taxable product-type-variable\">\n\t<\/li>\n<\/ul>\n<\/div>[\/vc_column_inner][\/vc_row_inner][\/vc_tta_section][vc_tta_section i_icon_fontawesome=&#8221;fa fa-bookmark&#8221; add_icon=&#8221;true&#8221; title=&#8221;Volume II&#8221; tab_id=&#8221;1505039767634-12a82de9-f06b&#8221;][vc_row_inner][vc_column_inner width=&#8221;2\/3&#8243;][vc_column_text]\n<h1>Maudit\u00a0<em>de Carmen Von Achs<\/em><\/h1>\n<div class=\"a-expander-collapsed-height a-row a-expander-container a-expander-partial-collapse-container\" aria-live=\"polite\" data-a-expander-collapsed-height=\"300\">\n<div class=\"a-expander-content a-expander-partial-collapse-content\" aria-expanded=\"false\">\n<p><i>Il a fallu 72 ann\u00e9es et 9 000 km \u00e0 Estrange pour r\u00e9aliser qu\u2019Alma \u00e9tait son \u00e2me s\u0153ur et leurs destins ont \u00e9t\u00e9 li\u00e9s depuis qu\u2019elle \u00e9tait une jeune enfant.<\/i><\/p>\n<p><i>Dans une bataille pour leurs vies, Estrange est bless\u00e9 et s\u00e9par\u00e9 d\u2019Alma. Quand Alma le trouve il est dans un \u00e9tat secondaire, \u00e9gar\u00e9 dans le continuum temps oscillant entre deux mondes.<\/i><\/p>\n<p><i>Maintenant, le pass\u00e9 est juste un cauchemar pour Estrange. Un souvenir. Est-ce que c\u2019est juste un vague souvenir ?<\/i><\/p>\n<\/div>\n<\/div>\n<p class=\"text-col-2\">Si ces visions ne sont qu\u2019un message d\u00e9sesp\u00e9r\u00e9 que son \u00e2me luttant dans la mort de l\u2019espace-temps essaye d\u2019envoyer, afin qu\u2019il comprenne que ce cauchemar c\u2019est la vie et le r\u00eave n&#8217;est qu\u2019une impasse ?<br \/>\nPr\u00eate \u00e0 tout pour son amant, Alma se lance dans une campagne de renaissance pour Estrange. Peut-Alma le sauver ? Avec l\u2019aide de l\u2019ami d\u2019Estrange, Sasakawa, peut-elle percer le myst\u00e8re de son existence et de son lien avec Estrange ?<\/p>\n<p class=\"text-col-2\">[\/vc_column_text][\/vc_column_inner][vc_column_inner width=&#8221;1\/3&#8243;][vc_column_text]\n<h2>D\u00e9tails<\/h2>\n<ul>\n<li style=\"list-style-type: none;\">\n<ol>\n<li><b>Volume:<\/b>\u00a0II<\/li>\n<li><b>Digital eBook:<\/b>\u00a0352 pages<\/li>\n<li><b>Publication:<\/b> Janvier 12, 2014<\/li>\n<li><b>Langues:<\/b>\u00a0Anglais, Fran\u00e7ais<\/li>\n<li><b>Disponible:<\/b>\u00a0Pocket, eBook<\/li>\n<\/ol>\n<\/li>\n<\/ul>\n[\/vc_column_text][\/vc_column_inner][\/vc_row_inner][vc_row_inner][vc_column_inner width=&#8221;1\/2&#8243;]<div class=\"woocommerce \"><ul class=\"products columns-4\">\n<li class=\"product type-product post-1712 status-publish first instock product_cat-estrange-reality-echantillons-gratuits product_tag-deuil product_tag-ebook product_tag-epub product_tag-kindle product_tag-maudit has-post-thumbnail sale sold-individually shipping-taxable product-type-variable\">\n\t<\/li>\n<\/ul>\n<\/div>[\/vc_column_inner][vc_column_inner width=&#8221;1\/2&#8243;]<div class=\"woocommerce \"><ul class=\"products columns-4\">\n<li class=\"product type-product post-1918 status-publish first instock product_cat-estrange-reality-version-francaise product_tag-deuil product_tag-ebook product_tag-epub product_tag-kindle product_tag-maudit has-post-thumbnail sale sold-individually shipping-taxable product-type-variable\">\n\t<\/li>\n<\/ul>\n<\/div>[\/vc_column_inner][\/vc_row_inner][\/vc_tta_section][\/vc_tta_tabs][\/vc_column][\/vc_row][vc_row css=&#8221;.vc_custom_1464262785071{padding-top: 30px !important;padding-bottom: 40px !important;}&#8221;][vc_column][vc_column_text]\n<h2 style=\"text-align: center;\">Avant-propos\u00a0<em>de Carmen Von Achs<\/em><\/h2>\n<p style=\"text-align: center;\"><span class='lead'>Il est dit que certaines vies sont reli\u00e9es \u00e0 travers le temps par un \u00e9trange rayonnement, jusqu\u2019\u00e0 l\u2019accomplissement de leur Destin\u00e9e.<\/span>\n[\/vc_column_text][vc_row_inner content_placement=&#8221;middle&#8221;][vc_column_inner width=&#8221;1\/4&#8243; offset=&#8221;vc_hidden-sm vc_hidden-xs&#8221;][vc_column_text]\n<h2 style=\"text-align: center;\">Deuil<\/h2>\n<h3 style=\"text-align: center;\"><em>Estrange Reality Series<\/em><\/h3>\n<h4 style=\"text-align: center;\">Volume I<\/h4>\n<p style=\"text-align: center;\"><em>de Carmen Von Achs<\/em><\/p>\n<p style=\"text-align: justify;\">\u2026 \u00c0 ce moment pr\u00e9cis, aussi v\u00e9loce et silencieux qu\u2019un grand f\u00e9lin, Estrange jailli, et l\u2019entoure de ses bras en transformant son corps dans un bouclier imp\u00e9n\u00e9trable contre toute agression. \u00c9blouie par sa force et rapidit\u00e9, Alma n\u2019a pas le temps de r\u00e9agir. Immobile, fascin\u00e9e par l\u2019approche envo\u00fbtante de l\u2019homme, elle essaye de r\u00e9sister \u00e0 la tentation de s\u2019enfuir.<\/p>\n[\/vc_column_text]<div class=\" ubtn-ctn-left \"><span class=\"ubtn-left\"><button type=\"button\" id=\"ubtn-2177\" class=\"ubtn ult-adjust-bottom-margin ult-responsive ubtn-block ubtn-no-hover-bg  none  ubtn-left   tooltip-69d64f65d6758 ubtn-tooltip left\" data-toggle=\"tooltip\" data-placement=\"left\" title=\"Lisez maintenant\" data-hover=\"\" data-border-color=\"\" data-bg=\"#ffffff\" data-hover-bg=\"\" data-border-hover=\"\" data-shadow-hover=\"\" data-shadow-click=\"none\" data-shadow=\"\" data-shd-shadow=\"\"  data-ultimate-target='#ubtn-2177'  data-responsive-json-new='{\"font-size\":\"desktop:25px;\",\"line-height\":\"\"}'  style=\"font-weight:bold;border:none;background: #ffffff;color: #dd3333;\"><span class=\"ubtn-hover\" style=\"background-color:\"><\/span><span class=\"ubtn-data ubtn-text \" >GRATUIT &#x2764;<\/span><\/button><\/span><\/div><script>\r\n\t\t\t\t\tjQuery(function () {\r\n\t\t\t\t\t\tjQuery(\".tooltip-69d64f65d6758\").bsf_tooltip();\r\n\t\t\t\t\t})\r\n\t\t\t\t<\/script><p class=\"product woocommerce add_to_cart_inline \" style=\"GRATUIT\"><del aria-hidden=\"true\"><span class=\"woocommerce-Price-amount amount\"><bdi><span class=\"woocommerce-Price-currencySymbol\">&#36;<\/span>4.04<\/bdi><\/span><\/del> <ins><span class=\"woocommerce-Price-amount amount\"><bdi><span class=\"woocommerce-Price-currencySymbol\">&#36;<\/span>0.00<\/bdi><\/span><\/ins><a href=\"https:\/\/estrangereality.com\/BookStore\/product\/aches-free-sample\/\" data-quantity=\"1\" class=\"button product_type_variable\" data-product_id=\"1750\" data-product_sku=\"10-2-1\" aria-label=\"Select options for &ldquo;Aches &#x2764;&rdquo;\" rel=\"nofollow\">Read more<\/a><\/p>[\/vc_column_inner][vc_column_inner width=&#8221;1\/2&#8243; offset=&#8221;vc_hidden-sm vc_hidden-xs&#8221;][vc_raw_html]JTNDZGl2JTIwY2xhc3MlM0QlMjJpcGFkLXNjcm9sbGVyJTIyJTNFJTBBJTNDZGl2JTIwY2xhc3MlM0QlMjJpcGFkLXNjcm9sbGVyLWlubmVyJTIyJTNFJTBBJTNDZGl2JTIwY2xhc3MlM0QlMjJpcGFkLXNjcm9sbGVyLWNvbnRlbnQlMjIlM0UlMEElM0NpbWclMjBjbGFzcyUzRCUyMmlwYWQtY292ZXIlMjIlMjBzcmMlM0QlMjJodHRwcyUzQSUyRiUyRmVzdHJhbmdlcmVhbGl0eS5jb20lMkZ3cC1jb250ZW50JTJGdXBsb2FkcyUyRjIwMTklMkYwOSUyRkVzdHJhbmdlX1JlYWxpdHlfREVVSUxfMS5qcGclMjIlMjBhbHQlM0QlMjJjb3ZlciUyMiUyMCUyRiUzRSUwQSUzQ3AlM0VFdCUyMGwlQzMlQTAlMkMlMjAlQzMlQTAlMjBwbHVzJTIwZCVFMiU4MCU5OXVuJTIwbSVDMyVBOHRyZSUyMHNvdXMlMjBsJUUyJTgwJTk5ZWF1JTJDJTIwaiVFMiU4MCU5OWFwZXIlQzMlQTd1cyUyMHF1ZWxxdWUlMjBjaG9zZSUyMGRlJTIwY2xhaXIlMkMlMjBwcmVzcXVlJTIwdHJhbnNwYXJlbnQlMkMlMjBxdWklMjBib3VnZWFpdCUyMGF2ZWMlMjBkZXMlMjBtb3V2ZW1lbnRzJTIwaW5jb250ciVDMyVCNGwlQzMlQTlzLiUyMEplJTIwbSVFMiU4MCU5OWFwcHJvY2hhaSUyMHBydWRlbW1lbnQuJTIwSWwlMjB5JTIwYXZhaXQlMjBkZXV4JTIwamFtYmVzJTIwYXUlMjBtaWxpZXUlMjBkJUUyJTgwJTk5dW4lMjBub3lhdSUyMGQlRTIlODAlOTlhbGd1ZXMlMjBldCUyMGRlJTIwcmFjaW5lcyUyMGQlRTIlODAlOTlhcmJyZXMuJTIwQXZhbiVDMyVBN2FudCUyMHJhcGlkZW1lbnQlMkMlMjBqZSUyMG1lJTIwcmVuZGlzJTIwY29tcHRlJTIwcXUlRTIlODAlOTl1bmUlMjBwaXJvZ3VlJTIwJUMzJUE5dGFpdCUyMHJldG91cm4lQzMlQTllJTIwZXQlMjBxdWUlMjBxdWVscXUlRTIlODAlOTl1biUyMCVDMyVBOXRhaXQlMjBwcmlzb25uaWVyJTIwYXUtZGVzc291cy4lMjBKZSUyMHNlbnRpcyUyMHVuZSUyMHZhZ3VlJTIwZGUlMjBjaGFsZXVyJTIwam95ZXVzZSUyMHJlbXBsaXIlMjBtb24lMjBjJUM1JTkzdXIlMjBldCUyMGplJTIwc291cmlzLiUzQyUyRnAlM0UlMEElMEElM0NwJTNFSmUlMjBzb3VsZXZhaSUyMGQlRTIlODAlOTl1bmUlMjBtYWluJTIwbGElMjBwaXJvZ3VlJTIwZW4lMjBsYSUyMHBvdXNzYW50JTIwdmVycyUyMGxlJTIwaGF1dCUyMGV0JTIwZGUlMjBsJUUyJTgwJTk5YXV0cmUlMjBqJUUyJTgwJTk5YXR0cmFwYWklMjB2aWdvdXJldXNlbWVudCUyMGxlJTIwY29ycHMuJTIwJUMzJTgwJTIwcGVpbmUlMjBsJUUyJTgwJTk5YXZhaXMtamUlMjBzb3VsZXYlQzMlQTklMjBxdWUlMjBqJUUyJTgwJTk5ZW50ZW5kaXMlMjB1biUyMGNyaSUyQyUyMGV0JTIwaWwlMjBtZSUyMGdsaXNzYSUyMHByZXNxdWUlMjBlbnRyZSUyMGxlcyUyMG1haW5zLiUyMCUwQUplJTIwcGVyZGFpcyUyMHByaXNlLiUyME9uJTIwYXVyYWl0JTIwZGl0JTIwcXVlJTIwbGUlMjBjb3VyYW50JTIwZW50cmElQzMlQUVuYWl0JTIwc2VzJTIwamFtYmVzJTJDJTIwY29tbWUlMjBwb3VyJTIwbSVFMiU4MCU5OWVtcCVDMyVBQWNoZXIlMjBkZSUyMGxlJTIwc2F1dmVyJTJDJTIwbWFpcyUyQyUwQWVuZ291cmRpZXMlMkMlMjBlbGxlcyUyMG5lJTIwciVDMyVBOXBvbmRhaWVudCUyMHBsdXMuJTIwTGElMjBsJUMzJUE5ZyVDMyVBOHJldCVDMyVBOSUyMGR1JTIwY29ycHMlMjBtZSUyMHN1cnByaXQuJTIwRW4lMjBhY2NlbnR1YW50JTIwbGElMjBwcmVzc2lvbiUyMGRlJTIwbWVzJTIwZG9pZ3RzJTJDJTIwamUlMjByJUMzJUE5dXNzaXMlMjAlQzMlQTAlMjBsZSUyMG1haW50ZW5pciUyMCVDMyVBMCUyMGxhJTIwc3VyZmFjZS4lMjBDJUUyJTgwJTk5JUMzJUE5dGFpdCUyMHVuZSUyMHBldGl0ZSUyMGZpbGxlJTIwZCVFMiU4MCU5OWVudmlyb24lMjBzaXglMjBhbnMuJTNDJTJGcCUzRSUwQSUwQSUzQ3AlM0VBdXJhaXMtamUlMjBwdSUyMGltYWdpbmVyJTIwY2VzJTIwc2Vuc2F0aW9ucyUyQyUyMGNlcyUyMHNlbnRpbWVudHMlMjBib3VsZXZlcnNhbnRzJTIwJTNGJTNDJTJGcCUzRSUwQSUwQSUzQ3AlM0UlRTIlODAlOTQlMjBKZSUyMHZhaXMlMjBtb3VyaXIlMkMlMjBtb25zaWV1ciUyMCUzRiUyMEMlRTIlODAlOTllc3QlMjAlQzMlQTdhJTIwJTNGJTIwZGVtYW5kYS10ZWxsZS4lM0MlMkZwJTNFJTBBJTBBJTNDcCUzRUolMjdhdmFpcyUyMHNpJTIwZnJvaWQlMjBtYWludGVuYW50JTIwJUUyJTgwJTk0JTIwbGUlMjBmZXUlMjBhdmFpdCUyMHNpJTIwYmllbiUyMGZhaXQlMjBzb24lMjB0cmF2YWlsJTIwZW4lMjBtZSUyMGJyJUMzJUJCbGFudCUyMCVFMiU4MCU5NCUyMHF1ZSUyMGplJTIwbmUlMjBwb3V2YWlzJTIwcGx1cyUyMHNlbnRpciUyMGdyYW5kLWNob3NlJTJDJTIwc2F1ZiUyMHNhJTIwY2hhbGV1ciUyMHRhbmRpcyUyMHF1ZSUyMGplJTIwbGElMjBtYWludGVuYWlzJTIwYXUtZGVzc3VzJTIwZGVzJTIwdmFndWVzLiUzQyUyRnAlM0UlMEElMEElM0NwJTNFU2VzJTIwY2hldmV1eCUyMCVDMyVBOXRhaWVudCUyMG0lQzMlQUFsJUMzJUE5cyUyMGQlRTIlODAlOTlhbGd1ZXMlMjBldCUyMHNhJTIwcGVhdSUyMCVDMyVBOXRhaXQlMjBibGFmYXJkZSUyMGFwciVDMyVBOHMlMjB0b3V0JTIwY2UlMjB0ZW1wcyUyMHBhc3MlQzMlQTklMjBkYW5zJTIwbCVFMiU4MCU5OWVhdS4lMjBFbGxlJTIwcmVzc2VtYmxhaXQlMjAlQzMlQTAlMjB1biUyMGNhZGF2cmUlMkMlMjBtYWlzJTIwdW4lMjBjYWRhdnJlJTIwcGFybGFudC4lM0MlMkZwJTNFJTBBJTBBJTNDJTJGZGl2JTNFJTBBJTNDJTJGZGl2JTNFJTBBJTNDJTJGZGl2JTNF[\/vc_raw_html][\/vc_column_inner][vc_column_inner width=&#8221;1\/4&#8243; offset=&#8221;vc_hidden-sm vc_hidden-xs&#8221;][vc_column_text]\n<h2 style=\"text-align: center;\">Maudit<\/h2>\n<h3 style=\"text-align: center;\"><em>Estrange Reality Series<\/em><\/h3>\n<h4 style=\"text-align: center;\">Volume II<\/h4>\n<p style=\"text-align: center;\"><em>de Carmen Von Achs<\/em><\/p>\n<div id=\"attachment_1598\" style=\"width: 245px\" class=\"wp-caption aligncenter\"><a href=\"https:\/\/estrangereality.com\/wp-content\/uploads\/2017\/08\/maudit_free.png\"><img aria-describedby=\"caption-attachment-1598\" loading=\"lazy\" class=\"wp-image-1598 size-medium\" title=\"Cursed Estrange Reality Series\" src=\"https:\/\/estrangereality.com\/wp-content\/uploads\/2017\/08\/maudit_free.png\" alt=\"\" width=\"235\" height=\"300\" \/><\/a><p id=\"caption-attachment-1598\" class=\"wp-caption-text\">Le Volume II de la S\u00e9rie<\/p><\/div>\n[\/vc_column_text]<div class=\" ubtn-ctn-left \"><span class=\"ubtn-left\"><button type=\"button\" id=\"ubtn-1337\" class=\"ubtn ult-adjust-bottom-margin ult-responsive ubtn-block ubtn-no-hover-bg  none  ubtn-left   tooltip-69d64f65d95f9 ubtn-tooltip left\" data-toggle=\"tooltip\" data-placement=\"left\" title=\"Lisez maintenant\" data-hover=\"\" data-border-color=\"\" data-bg=\"#ffffff\" data-hover-bg=\"\" data-border-hover=\"\" data-shadow-hover=\"\" data-shadow-click=\"none\" data-shadow=\"\" data-shd-shadow=\"\"  data-ultimate-target='#ubtn-1337'  data-responsive-json-new='{\"font-size\":\"desktop:25px;\",\"line-height\":\"\"}'  style=\"font-weight:bold;border:none;background: #ffffff;color: #dd3333;\"><span class=\"ubtn-hover\" style=\"background-color:\"><\/span><span class=\"ubtn-data ubtn-text \" >GRATUIT &#x2764;<\/span><\/button><\/span><\/div><script>\r\n\t\t\t\t\tjQuery(function () {\r\n\t\t\t\t\t\tjQuery(\".tooltip-69d64f65d95f9\").bsf_tooltip();\r\n\t\t\t\t\t})\r\n\t\t\t\t<\/script><p class=\"product woocommerce add_to_cart_inline \" style=\"GRATUIT\"><del aria-hidden=\"true\"><span class=\"woocommerce-Price-amount amount\"><bdi><span class=\"woocommerce-Price-currencySymbol\">&#36;<\/span>4.04<\/bdi><\/span><\/del> <ins><span class=\"woocommerce-Price-amount amount\"><bdi><span class=\"woocommerce-Price-currencySymbol\">&#36;<\/span>0.00<\/bdi><\/span><\/ins><a href=\"https:\/\/estrangereality.com\/BookStore\/product\/cursed-free-sample\/\" data-quantity=\"1\" class=\"button product_type_variable\" data-product_id=\"1715\" data-product_sku=\"10-1-2-1-1\" aria-label=\"Select options for &ldquo;Cursed &#x2764;&rdquo;\" rel=\"nofollow\">Read more<\/a><\/p>[\/vc_column_inner][\/vc_row_inner][\/vc_column][\/vc_row][vc_row][vc_column][vc_separator color=&#8221;custom&#8221; accent_color=&#8221;#dd9933&#8243;][\/vc_column][\/vc_row][vc_row][vc_column width=&#8221;1\/3&#8243;]<div class=\"woocommerce \"><\/div>[\/vc_column][\/vc_row]\n","protected":false},"excerpt":{"rendered":"<p>[vc_row full_width=&#8221;stretch_row_content_no_spaces&#8221; content_placement=&#8221;top&#8221; css=&#8221;.vc_custom_1463987849898{margin-right: 30px !important;margin-left: 30px !important;padding-right: 30px !important;padding-left: 30px !important;}&#8221; el_class=&#8221;overlay-header&#8221;][vc_column offset=&#8221;vc_hidden-xs&#8221;][rev_slider_vc alias=&#8221;estrange-reality-maudit&#8221;][\/vc_column][\/vc_row][vc_row][vc_column][vc_empty_space height=&#8221;64px&#8221;][\/vc_column][\/vc_row][vc_row][vc_column][vc_separator color=&#8221;custom&#8221; accent_color=&#8221;#ffffff&#8221;][\/vc_column][\/vc_row][vc_row][vc_column][vc_column_text] Lisez un best-seller chaque jour [\/vc_column_text][\/vc_column][\/vc_row][vc_row][vc_column][\/vc_column][\/vc_row][vc_row][vc_column][vc_tta_tabs][vc_tta_section i_icon_fontawesome=&#8221;fa fa-bookmark&#8221; add_icon=&#8221;true&#8221; title=&#8221;Volume I&#8221; tab_id=&#8221;1505039767633-46de4358-7edb&#8221;][vc_row_inner][vc_column_inner width=&#8221;2\/3&#8243;][vc_column_text] Deuil\u00a0de Carmen Von Achs Une attirance r\u00e9ciproque foudroyante, magn\u00e9tique et irr\u00e9sistible, se r\u00e9v\u00e8le d\u00e8s leur premi\u00e8re rencontre et accroit tandis qu\u2019Alma risque de perdre [&hellip;]<\/p>\n","protected":false},"author":1,"featured_media":0,"parent":0,"menu_order":0,"comment_status":"closed","ping_status":"closed","template":"page.php","meta":[],"_links":{"self":[{"href":"https:\/\/estrangereality.com\/BookStore\/wp-json\/wp\/v2\/pages\/2103"}],"collection":[{"href":"https:\/\/estrangereality.com\/BookStore\/wp-json\/wp\/v2\/pages"}],"about":[{"href":"https:\/\/estrangereality.com\/BookStore\/wp-json\/wp\/v2\/types\/page"}],"author":[{"embeddable":true,"href":"https:\/\/estrangereality.com\/BookStore\/wp-json\/wp\/v2\/users\/1"}],"replies":[{"embeddable":true,"href":"https:\/\/estrangereality.com\/BookStore\/wp-json\/wp\/v2\/comments?post=2103"}],"version-history":[{"count":28,"href":"https:\/\/estrangereality.com\/BookStore\/wp-json\/wp\/v2\/pages\/2103\/revisions"}],"predecessor-version":[{"id":2295,"href":"https:\/\/estrangereality.com\/BookStore\/wp-json\/wp\/v2\/pages\/2103\/revisions\/2295"}],"wp:attachment":[{"href":"https:\/\/estrangereality.com\/BookStore\/wp-json\/wp\/v2\/media?parent=2103"}],"curies":[{"name":"wp","href":"https:\/\/api.w.org\/{rel}","templated":true}]}}