{"id":1918,"date":"2017-08-10T20:41:02","date_gmt":"2017-08-10T19:41:02","guid":{"rendered":"https:\/\/estrangereality.com\/Vampire-Romance-Bestseller\/?post_type=product&#038;p=1918"},"modified":"2019-09-15T13:26:02","modified_gmt":"2019-09-15T12:26:02","slug":"maudit","status":"publish","type":"product","link":"https:\/\/estrangereality.com\/BookStore\/product\/maudit\/","title":{"rendered":"Maudit &#x2600;"},"content":{"rendered":"<p><strong>Estrange Reality Volume II (Edition Fran\u00e7aise)<\/strong><\/p>\n<p>Il a fallu 72 ann\u00e9es et 9 000 km \u00e0 Estrange pour r\u00e9aliser qu\u2019Alma \u00e9tait son \u00e2me s\u0153ur et leurs destins ont \u00e9t\u00e9 li\u00e9s depuis qu\u2019elle \u00e9tait une jeune enfant.<br \/>\nPendant ce temps, les talents cach\u00e9s d\u2019Alma sont remarqu\u00e9s par une organisation secr\u00e8te qui travaille dans l\u2019ombre. Dans une bataille pour leurs vies, Estrange est bless\u00e9 et s\u00e9par\u00e9 d\u2019Alma. Quand Alma le trouve il est dans un \u00e9tat secondaire, \u00e9gar\u00e9 dans le continuum temps oscillant entre deux mondes.<br \/>\nMaintenant, le pass\u00e9 est juste un cauchemar pour Estrange. Un souvenir. Est-ce que c\u2019est juste un vague souvenir ? Ces images dans lesquelles il retrouve sa passion naissante pour Alma\u2026 Images qui le poussent au bord de la r\u00e9alit\u00e9 et prennent le contr\u00f4le de sa vie\u2026 Ou pas ? Si ces visions ne sont qu\u2019un message d\u00e9sesp\u00e9r\u00e9 que son \u00e2me luttant dans la mort de l\u2019espace-temps essaye d\u2019envoyer, afin qu\u2019il comprenne que ce cauchemar c\u2019est la vie et le r\u00eave n&#8217;est qu\u2019une impasse ?<br \/>\nPr\u00eate \u00e0 tout pour son amant, Alma se lance dans une campagne de renaissance pour Estrange. Peut-Alma le sauver ? Avec l\u2019aide de l\u2019ami d\u2019Estrange, Sasakawa, peut-elle percer le myst\u00e8re de son existence et de son lien avec Estrange ?<br \/>\nUne histoire d\u2019amour intense, leur attirance pour l\u2019autre magn\u00e9tique et irr\u00e9sistible, nous s\u00e9duit, nous d\u00e9voilant le lien inconnu et magique entre les \u00e2mes, loin au-dessus d\u2019un simple destin de la vie humaine et m\u00eame au-del\u00e0 des dimensions interstellaires.<br \/>\nMAUDIT, nous enchante avec un magnifique conte sur l\u2019amour qui a \u00e9chou\u00e9, mais br\u00fble encore, sur l\u2019amiti\u00e9 et la loyaut\u00e9, m\u00eame si tous sont contre, et sur les myst\u00e8res du pass\u00e9 et du pr\u00e9sent d\u2019une lign\u00e9e des vampires qui marchent parmi nous. Et puis&#8230; il y a ceux qui ont \u00e9t\u00e9 g\u00e9n\u00e9tiquement modifi\u00e9s pour chasser les vampires\u2026<\/p>\n<h5>D\u00e9tails sur le produit<\/h5>\n<div class=\"content\">\n<ul>\n<li><b>\u00c9diteur:\u00a0<\/b>Estange Reality; Edition 1 (12 Janvier 2014)<\/li>\n<li><b>Langue:<\/b>\u00a0Fran\u00e7ais<\/li>\n<li><b>ISBN-13:<\/b>\u00a0978-1482532135<\/li>\n<\/ul>\n<\/div>\n","protected":false},"excerpt":{"rendered":"<ul>\n<li><b>Type:<\/b> iPad, iPhone, and iPod Touch<br \/>\nKindle and Kindle Fire<br \/>\nAsus, Huawei, HTC, LG, Motorola, Nexus, Samsung, Sony Reader and Other eReaders<br \/>\nNOOK, NOOK Color and NOOK Tablet<br \/>\nPC or Mac<\/li>\n<\/ul>\n<div class=\"content\"><\/div>\n","protected":false},"featured_media":2272,"comment_status":"open","ping_status":"closed","template":"","meta":[],"product_cat":[1881],"product_tag":[1892,1891,1890,1886,1893],"_links":{"self":[{"href":"https:\/\/estrangereality.com\/BookStore\/wp-json\/wp\/v2\/product\/1918"}],"collection":[{"href":"https:\/\/estrangereality.com\/BookStore\/wp-json\/wp\/v2\/product"}],"about":[{"href":"https:\/\/estrangereality.com\/BookStore\/wp-json\/wp\/v2\/types\/product"}],"replies":[{"embeddable":true,"href":"https:\/\/estrangereality.com\/BookStore\/wp-json\/wp\/v2\/comments?post=1918"}],"wp:featuredmedia":[{"embeddable":true,"href":"https:\/\/estrangereality.com\/BookStore\/wp-json\/wp\/v2\/media\/2272"}],"wp:attachment":[{"href":"https:\/\/estrangereality.com\/BookStore\/wp-json\/wp\/v2\/media?parent=1918"}],"wp:term":[{"taxonomy":"product_cat","embeddable":true,"href":"https:\/\/estrangereality.com\/BookStore\/wp-json\/wp\/v2\/product_cat?post=1918"},{"taxonomy":"product_tag","embeddable":true,"href":"https:\/\/estrangereality.com\/BookStore\/wp-json\/wp\/v2\/product_tag?post=1918"}],"curies":[{"name":"wp","href":"https:\/\/api.w.org\/{rel}","templated":true}]}}